-4*w. List the prime factors of w.
3
Let s(h) be the third derivative of -h**5/60 + 5*h**4/12 - h**3/3 + h**2. List the prime factors of s(7).
19
Let u(n) = -n**3 - 4*n**2 - n - 2. Let t be (-3)/(4/(32/6)). Let l be u(t). Suppose 0 = 3*y - l*h - 8, -2*y - 3*y + 20 = -2*h. What are the prime factors of y?
2, 3
Suppose -3*m - 3 = 2*p - 12, 5*p + 3*m = 45. List the prime factors of p + (-1)/(-2)*2.
13
Suppose -3*i - 15 = -3*s - 264, -2*s = 2*i + 154. What are the prime factors of s/(-13) - (-16)/(-104)?
2, 3
Let r be 1/(-3) - 25/(-3). Suppose 4*h + k = 52, 0 = -h + 5*k - 0 - r. List the prime factors of h.
2, 3
Let a = -220 - -492. List the prime factors of a.
2, 17
Suppose -11 = -p + 2*i - 3*i, i = -2. What are the prime factors of p?
13
Suppose 0 = j, 78 = 3*o + 2*j - 5*j. List the prime factors of o.
2, 13
Suppose 0 = 3*w - 4*w - 7. Let a = 14 - w. Suppose a = 3*j - 0*j. List the prime factors of j.
7
Suppose 41 = q + 3*p, p = -4*q + 5*q - 57. What are the prime factors of q?
53
Let k(m) = 7*m**2 + 4*m + 2. Let s be k(-2). Suppose 3*r - 26 = s. List the prime factors of r.
2
Let l(o) = -o**3 + 2*o**2 + 4*o - 3. Let k be l(4). Let t = -13 - k. List the prime factors of ((-16)/6)/(t/(-9)).
2
Let n = -54 + 189. List the prime factors of n.
3, 5
Let b be 20/(-6)*(5 + 1). Let f = b - -28. List the prime factors of f.
2
Let j be (-252)/3*6/(-9). Let p = j - 34. List the prime factors of p.
2, 11
Let t(v) = 1 - 4*v + 2 - 11. List the prime factors of t(-13).
2, 11
Suppose -29 = -0*k - 5*k - 4*n, 3*k - 16 = -n. Suppose -13 = -g - k. List the prime factors of g.
2
Let u(c) = -c**2 + 7*c - 14. Let s(i) = 2*i**2 - 13*i + 29. Let w(l) = 6*s(l) + 11*u(l). What are the prime factors of w(0)?
2, 5
Suppose 4*n - 30 = -o, -3*o = -2*n - 6*o + 10. Let c = n - 6. Suppose -9 = -c*y + 11. What are the prime factors of y?
2, 5
Let l = 0 + 4. Suppose 4*t - 5*q + 22 = 2*t, l*t + 4*q = 12. What are the prime factors of t - -1 - (-6 - -1)?
5
Suppose 2*z = 3*k + 4 - 3, 5*k + 3*z + 8 = 0. List the prime factors of (1/k)/((-3)/36).
2, 3
Suppose 3*g + 17 = 4*t, -4 = -4*t + 5*g + 3. List the prime factors of t.
2
Let v be 1/(-2) - (-9)/2. Suppose v*q + 38 = 6*q. What are the prime factors of q?
19
What are the prime factors of 812/21 + (-2)/3?
2, 19
Suppose 5*a + 400 = 5*x, 7*x - 4*x = 4*a + 245. What are the prime factors of x?
3, 5
Let v(b) = 3*b**2 - b - b**2 - b. Let j be v(2). Suppose 0 = 2*h - j*k - k - 9, 4*k - 4 = 0. What are the prime factors of h?
7
Suppose 0*s - 4*s = -4, 3*c - s - 29 = 0. List the prime factors of (-1)/1 + (c - -4).
13
Let u(a) = -a**2 + a + 2. Let f be u(2). Suppose v - n - 12 = 4*n, f = 3*v - n - 22. What are the prime factors of v?
7
Let b(g) = 5*g**2 - g. Let t be b(-1). Let s be 80/t*(-3)/2. What are the prime factors of (-248)/s + 2/(-5)?
2, 3
Suppose 37 = 3*o + 2*s + 2*s, -4*s = 2*o - 26. What are the prime factors of o?
11
Let z(y) = y. Let b be z(3). Suppose 5*c + 3*t = 22, 4 = -b*c - 4*t + 15. What are the prime factors of c?
5
Let j = 96 + -90. List the prime factors of j.
2, 3
Let v(y) = y**2 + 17. Let u be v(0). Let a = u + -4. List the prime factors of a.
13
Let z(s) = s**3 + 3*s**2. Let m be z(-2). Suppose -k + 3 - m = 0. Let y = k + 6. List the prime factors of y.
5
What are the prime factors of 2 + 1154/8 + 7/(-28)?
2, 73
List the prime factors of 73 + -2 + -1 - 4.
2, 3, 11
Let y(g) = -g**3 - 4*g**2 + 5*g - 4. Let m be y(-5). Let t = m + 40. List the prime factors of t.
2, 3
Suppose -4*g = -g - 171. Let i = g - 16. Suppose -4*n = -i + 9. What are the prime factors of n?
2
Suppose -2 = 2*t + 18. Let m(p) = -8*p**2 + 2*p - 1. Let b be m(1). Let x = b - t. List the prime factors of x.
3
Let r(b) = b**3 + 4*b**2 + 3*b. Let w = -7 + 5. Let c be r(w). Suppose o = -c*o + 30. What are the prime factors of o?
2, 5
Let q = 8 + -5. Suppose -j - 4 = -h, -2*h + 12 = -q*j + 3*h. Let u = 17 + j. What are the prime factors of u?
13
Let p = -8 - -16. Suppose 2*r = s - 19, 0 = -3*r - 1 - p. Let n = s + -9. What are the prime factors of n?
2
Let a(x) = 246*x**2 - x. List the prime factors of a(-1).
13, 19
List the prime factors of 40*(6/5)/3.
2
Let y be ((-1)/3)/(2/(-24)). Suppose 6 = y*p - 10. Suppose -p*r + 8 = -3*r. What are the prime factors of r?
2
Let h be 0 - 3/(9/114). Let s = 53 + h. What are the prime factors of s?
3, 5
Let s(j) = -j**3 - 7*j**2 + 5*j - 8. What are the prime factors of s(-8)?
2
Let m = 99 - -1. List the prime factors of m.
2, 5
Suppose 11 + 12 = -g. Let z = g - -40. What are the prime factors of z?
17
Let r = 18 - 11. Suppose r*m - 88 = 3*m. What are the prime factors of m?
2, 11
Suppose -13*m + 46 = -15*m. Let o = m - -59. List the prime factors of o.
2, 3
List the prime factors of 48*1*25/20.
2, 3, 5
Let h = -8 + 14. Let f = h + 10. List the prime factors of f.
2
Let s = -19 + 36. Let j = 22 - s. List the prime factors of j.
5
Suppose 51 - 195 = -6*j. What are the prime factors of j?
2, 3
Suppose 2*n - 28 = 3*c - 10, 0 = -2*c - 4*n - 28. Let o = c - -16. Suppose b = -3*a + 2*b + 28, -a = -b - o. What are the prime factors of a?
2, 5
Let j(q) = 2*q. Suppose 4*i - 2 = 22. List the prime factors of j(i).
2, 3
Suppose 2*n + 2*n = 16. Let p(v) = 6*v + 7. What are the prime factors of p(n)?
31
Let c = -50 + 155. What are the prime factors of c?
3, 5, 7
Let s(o) = -o**3 + 2*o**2 + o. Let b be s(-3). Suppose 2*a + a = b. What are the prime factors of a?
2, 7
Let c(r) = r**2 + 24*r + 15. What are the prime factors of c(-25)?
2, 5
Let f = 61 - -11. Suppose p + 3*p - f = 0. List the prime factors of p.
2, 3
Let u(t) = 2*t + 4. Suppose -2*g = -4*g - 6. Let m be u(g). List the prime factors of -2 - ((-2 - m) + -13).
11
Let z(j) = j**3 + 10*j**2 + 6*j - 4. Let v be 2/(-7) + 244/(-28). Let n be z(v). Suppose -5 = 3*q - n. What are the prime factors of q?
2, 3
Suppose 0 = 5*g + 5*x + 5, 2*x + 0 = g + 1. Let r(z) = 13*z + 1. Let s(d) = d + 1. Let f(n) = -r(n) + 2*s(n). List the prime factors of f(g).
2, 3
Suppose 3*z - 4 = -c + 4, 2*c = z + 51. List the prime factors of c.
23
Let h(u) = 0*u + u**2 - u**3 + 1 + 0*u. Let w be h(0). Let m = 7 + w. What are the prime factors of m?
2
Suppose -2*z + 13 = 5*x - 3*z, 23 = 4*x - 5*z. What are the prime factors of x?
2
Let b = -738 - -1039. List the prime factors of b.
7, 43
Suppose o - 45 = 15. List the prime factors of o.
2, 3, 5
Suppose -2*l + 144 = -4*g, -3*l - 4*g + 3*g = -202. What are the prime factors of l?
2, 17
Let v = 21 + -33. Let m = 42 + -21. Let s = m + v. List the prime factors of s.
3
Let g(p) = p**2 - p - 8. Let a be g(6). Let w = a - 9. List the prime factors of w.
13
Let m = -10 - -19. What are the prime factors of m?
3
Let c = -14 + 25. What are the prime factors of c?
11
Let r = 88 + -160. Let v = -17 - r. Suppose -3*m + v = -o, -3*o = -8 - 7. What are the prime factors of m?
2, 5
Suppose -5 - 7 = -5*s + k, 12 = 3*s + k. Suppose -s*z + 6*z = 6. What are the prime factors of z/(-3) - 116/(-12)?
3
Let g(u) = u**3 + 2*u**2 - 2*u - 2. Let c be g(-3). Let y be 432/(-20) + 2/c. List the prime factors of 16/88 - 62/y.
3
List the prime factors of 96/(-10)*5/(-1).
2, 3
Suppose 0 = m + m - 8. Let i = m + -2. What are the prime factors of i?
2
Suppose 0 = -3*v + 11*v - 784. List the prime factors of v.
2, 7
Let p be (-13)/(-2) + (-3)/(-6). Let g = p + 4. List the prime factors of g.
11
Suppose 3 = 4*b - 13. Suppose b*h - 4 = 20. Suppose 0 = -3*z - 3*t + 12 + h, 30 = 4*z - 2*t. List the prime factors of z.
7
Let b be ((-36)/(-30))/((-2)/(-5)). Suppose b*f = 1 + 5. Suppose -4*l = 2*s - 42, s + 6 = f*s - l. What are the prime factors of s?
11
Suppose 2 = -3*i + 5. What are the prime factors of i + 0 - (-2 + -11)?
2, 7
Let m = 120 - -26. List the prime factors of m/4 - (-17)/34.
37
Let f(r) = r - r - r + 5. Suppose -5*x - 92 = -32. What are the prime factors of f(x)?
17
Let c(z) = -3*z. Let r(y) = -y + 7. Let n be r(8). Let p be c(n). Suppose -39 = -p*b + 3*g, 0 = -4*b + 5*g - 0*g + 56. List the prime factors of b.
3
Let n(s) = 6*s - 9. What are the prime factors of n(5)?
3, 7
List the prime factors of 1 - (2 - (146 - 3)).
2, 71
Let o(y) = -11*y + 3. What are the prime factors of o(-2)?
5
Suppose k + 9 = 24. Suppose k = 3*m - 0*m. What are the prime factors of m?
5
Suppose 3*h + 2 = -